of f?
6
Let h(p) be the second derivative of p**6/360 - 3*p**5/40 + p**4/24 + p**3/2 + 3*p. Let d(q) be the second derivative of h(q). What is the tens digit of d(10)?
1
Let b = -105 - -1019. What is the hundreds digit of b?
9
Suppose -3*p = -3*q - 1236, -p + 9*q = 5*q - 412. What is the units digit of p?
2
Suppose -5*z = -8*z + 15. Suppose -3*c - 5*j = -52, z*j = -0*j - 5. Let h = -18 + c. What is the units digit of h?
1
Let t(m) = -48*m + 13. Let y be t(-2). What is the tens digit of (-3 - y)*(-2 + 1)?
1
Suppose 15*b + 1415 = 20*b. What is the tens digit of b?
8
Let t(x) = 5*x - 2. Let y be t(3). Suppose m = b - 29, b - 3*m - y = 14. What is the tens digit of b?
3
Suppose -i + 2*w = -2848, 4*i = 2*w + 195 + 11185. What is the tens digit of i?
4
Let x = 21 - 17. Suppose -g + 5 = x*g, -4*s + 3*g + 29 = 0. Let p(j) = j**3 - 8*j**2 + 8*j + 4. What is the units digit of p(s)?
8
Let p = -7 - -7. Let j = -5 + 9. Suppose 4*a + 144 = j*m, p*m + 5*a - 72 = -2*m. What is the tens digit of m?
3
Suppose -5*z + 2546 = 7*c - 3*c, 0 = 5*c + 2*z - 3191. What is the tens digit of c?
3
Let u = -126 - -210. Suppose -u = -f - 5. What is the units digit of f?
9
Suppose -3*j + 15 = 0, -2*f + 5*j + 667 + 354 = 0. What is the tens digit of f?
2
Suppose 4*n = 3*n + 14. Suppose 18 - n = r. Suppose r*o = 10 + 62. What is the units digit of o?
8
Let l be ((-7 - -4) + 4)*164. Suppose 17*h - l = 21*h. What is the units digit of (0 - h/(-3))*-3?
1
Let f = 59 - -1589. What is the hundreds digit of f?
6
Let q = -377 - -575. What is the hundreds digit of q?
1
Suppose -3*p + 1309 = 3*g + 2*p, -3*g + p + 1279 = 0. What is the units digit of g?
8
Let v(j) = j**2 + 21*j + 17. What is the units digit of v(30)?
7
Suppose -q + 3 = -4*f, 3*f + 12 = 2*q + 2*q. Suppose 5*k - 3*v = 1187, q*k = v + 862 - 149. What is the tens digit of k?
3
Let a be (15/(-9))/(1/(-3)). Suppose 3*w + 15 = 6*w. Suppose w*u = -a*r + 45, 2*r - 28 = -0*u - 4*u. What is the units digit of r?
4
Let j(w) = -6*w + 9. Let s(c) = 5*c - 7. Let l(o) = 4*j(o) + 5*s(o). Suppose 2*n + 4 = 4*g, -3*n = -3*g + n - 7. What is the units digit of l(g)?
4
Suppose 1635 = 8*n - 17093. What is the units digit of n?
1
Suppose -5*z + 202 = 2*p, p - 3*z = 6*p - 543. Suppose -p = -3*g - 2*n, -g + 7*n = 2*n - 37. What is the tens digit of g?
3
Let y(r) = -r**2 - 15*r + 18. Let n be y(-15). Suppose -5*h - 4*m + 359 = 0, 3*h - 203 = -m + n. What is the units digit of h?
5
Let f = 3 + -3. Suppose f = -3*d - 20 - 1. What is the tens digit of (-140)/d + 1 + 2?
2
Let i(x) = -7*x + 16*x - 324 + 325 - x**3. Suppose 0 = -k - 3, 3*c - 2*k + 0 = -6. What is the units digit of i(c)?
9
What is the units digit of 1990/3 + 4/6 - 6?
8
What is the tens digit of 16/12*(-2484)/(-8)?
1
Let b = -128 - -583. What is the hundreds digit of b?
4
Suppose 4*c - 605 = -m, 4*c + 480 = m - 117. What is the hundreds digit of m?
6
Suppose 0*t - 3*t + 22 = -g, t - g = 10. Suppose -t*o + 0 + 12 = 0. Suppose -o*s + s = -60. What is the units digit of s?
0
What is the tens digit of 74/((-1)/2 + 377/650)?
2
Let d = 1071 + -641. What is the units digit of d?
0
Let x(i) = -4*i**2 + 164*i - 54. What is the thousands digit of x(24)?
1
Suppose 0 = -11*j + 12*j + 2. Let x be 6/21 + j/7. Suppose 0 = 5*a + 2*d - 35, 3*d + 15 = -x. What is the units digit of a?
9
Let f(p) = 11*p**2 + 2*p - 17. What is the hundreds digit of f(-9)?
8
Suppose 4 = -w - 3*w. What is the units digit of (w - 0)*(-7 + -91)?
8
Let y(q) be the first derivative of q**3 + 5*q**2/2 - 2*q + 1. Suppose v - n = -3, -5*v = -4*v - 4*n. What is the units digit of y(v)?
6
Let b be (-4)/(-7) - (-1210)/(-35). What is the units digit of 95/(-2)*(b/(-5) + -8)?
7
What is the units digit of (1 + -7)/(((-90)/(-2133))/(-10))?
2
What is the hundreds digit of (-3 + 3 + -1 - -2372) + -4?
3
Let t(k) = k**2 - 2*k - 12. Let u be t(5). Suppose 6 + 0 = u*g. What is the tens digit of (-1)/(g - 55/27)?
2
Let n(z) be the first derivative of z**4/4 - z**3 - 3*z**2 + 4. Let v be n(5). Let q = v - 3. What is the tens digit of q?
1
Suppose -30*r = r - 32922. What is the hundreds digit of r?
0
Let j(q) be the first derivative of -q**2/2 + 7*q + 8. Suppose -3*n - 51 = 5*z, 2*z + 5 + 9 = 2*n. What is the units digit of j(z)?
6
Suppose -8*y = 14*y + 44. What is the hundreds digit of y/(8/210)*(-6 - -4)?
1
Let p(t) = t**2 - t - 14. Let v be p(-9). Suppose 6*x - x = -5*j + 185, -2*x = j - v. What is the tens digit of x?
3
Let s(f) = -10*f**3 + 33*f**2 + 35*f + 32. Let v(j) = -3*j**3 + 11*j**2 + 12*j + 11. Let h(g) = -2*s(g) + 7*v(g). What is the tens digit of h(12)?
3
Suppose -4*l = 8, 3*g - 6 = -3*l + 3. Suppose -v - g*d + 70 = 4*v, -4*d = v - 26. Suppose -2*b + 0*b + v = 0. What is the units digit of b?
5
What is the units digit of (-66)/66 + 0 + 1455?
4
Let a be ((0 + -1)*24)/(-2). Suppose -4*u - 4*y = -4 - a, -u - 2*y = -8. Suppose u = o + 3*o - 2*j - 60, -34 = -2*o - j. What is the tens digit of o?
1
Suppose 5*t = 2690 - 65. What is the units digit of t?
5
Let r = -1 + 10. Suppose -a - r + 31 = 0. Suppose -a*b = -20*b - 70. What is the tens digit of b?
3
Let k be 6/(-9) - (-341)/3. Suppose 3*u + k = -0*d + 4*d, -4*d - 5*u = -89. Suppose -r - p = -0*p - d, -4*p = -8. What is the tens digit of r?
2
What is the units digit of 314*(-5 - -9)/4?
4
Suppose -6*z - 3 = -3*z, 0 = -c - 4*z + 320. What is the tens digit of c?
2
Let i = -21 + 13. Let d = -14 - i. What is the units digit of 3/d - 276/(-8)?
4
Let s be (-364)/63 + (-2)/9. Let c(g) = g**3 + 5*g**2 - 4*g + 11. Let h be c(s). Let z(b) = -17*b**3 - b**2 + b + 1. What is the units digit of z(h)?
6
Let g = -27 - -37. Suppose 4 = 4*m - 4*c, 5*m + 12 = -4*c - g. What is the tens digit of (-128)/m - -4 - -4?
7
Suppose -z = 4*n + 4, -4*z + 10 = -4*n - 14. Suppose 0*t = -z*t + 112. What is the units digit of t?
8
Let u(t) be the second derivative of -3*t**3/2 + 9*t**2/2 - t. Let b be (-45)/30*10/3. What is the tens digit of u(b)?
5
Let d be ((-4)/(-4) + -4)*(-10)/6. What is the units digit of 18 - (12/d - (-10)/(-25))?
6
Let p = 1 - -15. Suppose -u + 4*q - p = u, 2*q = -u. Let f(a) = -a**3 - 3*a**2 - 5*a + 3. What is the units digit of f(u)?
9
Let a(c) = -2*c**3 - 8*c**2 - 5*c - 8. What is the hundreds digit of a(-6)?
1
Let d = 320 + -115. Suppose -673 = -6*v - d. Let l = v + -38. What is the units digit of l?
0
Let p(x) = x**3 + 4*x**2 - 4*x + 1. Suppose 1 = 2*h - 3. Suppose -3*o - o = 4*m + 16, -3*m = h*o + 8. What is the units digit of p(o)?
7
Let a be (0 + 3)/((-6)/16). Let g(h) = h**2 + 9*h + 11. Let n be g(a). Suppose 64 + 8 = n*c. What is the units digit of c?
4
Suppose 57*h - 119418 = 30492. What is the hundreds digit of h?
6
Let b be 0 + 2 - (-23 + 2). Suppose 20*j - b*j + 156 = 0. What is the tens digit of j?
5
Suppose -3870*p = -3878*p + 10536. What is the units digit of p?
7
What is the tens digit of 929894/381 - (-2)/(-3)?
4
Let y(c) = -c**3 - 2*c**2 + 6*c - 6. Let q(x) = x**2 + 3. Let h(d) = -d**2 - d. Let m(f) = 2*h(f) + q(f). Let s be m(-4). What is the units digit of y(s)?
9
Let m = 160 - 69. What is the units digit of m?
1
What is the thousands digit of 12615/11 + -11 + (-4)/(-22)?
1
Let j = 30 + 24. What is the units digit of j?
4
Suppose 0 = 4*v + 4*i + 16, 2*v + 0*i = 2*i + 8. Suppose -5*b + 5*x + 35 = 0, 3*x = -5*b - v*x + 3. What is the units digit of 18/1 + 3 - b?
8
Let a(q) = 2*q**2 + 4*q + 54. What is the hundreds digit of a(-7)?
1
Let i(b) = b**2 + 20*b + 35 + 22 + 6*b. What is the tens digit of i(-29)?
4
Suppose -3*s - 4*o = -540, o - 917 = -s - 4*s. What is the units digit of s/12*(5 - 2)?
6
Let s(g) = g**3 - 30*g**2 - 29*g + 90. What is the hundreds digit of s(33)?
4
Let n(w) = w**2 + 1. Let x(l) = -l - 10. Let d be x(-12). Let o be n(d). Suppose 109 = o*k + 4. What is the units digit of k?
1
Suppose 2*f - 3*f + 101 = 0. Let h = f + -48. Suppose -2*x + 5 = -1, -x = 2*z - h. What is the units digit of z?
5
Let k = -5 + 23. Suppose -2*a + 0*a - k = 0. What is the units digit of 124/9 + (-2)/a?
4
What is the hundreds digit of (187 - 11) + 7/(21/18)?
1
Suppose 0 = 2*z, -30 = s - 4*s + z. Let c be (1 - (-11)/(-5))*s. Let r = c + 38. What is the units digit of r?
6
Let f = 2052 - 449. What is the thousands digit of f?
1
Let k = -2682 - -4127. What is the thousands digit o